0 a multiple of 54?
True
Is 16 a factor of 1831?
False
Is 768 a multiple of 48?
True
Is 3889 a multiple of 39?
False
Is 1080 a multiple of 12?
True
Is 45036 a multiple of 139?
True
Does 14 divide 128?
False
Is 3 a factor of 228?
True
Is 29580 a multiple of 30?
True
Is 16899 a multiple of 10?
False
Does 47 divide 2209?
True
Is 744 a multiple of 14?
False
Is 7111 a multiple of 13?
True
Does 19 divide 344?
False
Does 8 divide 158?
False
Is 4167 a multiple of 7?
False
Does 24 divide 7755?
False
Is 44 a factor of 1269?
False
Is 121 a factor of 27225?
True
Does 33 divide 65934?
True
Does 29 divide 15108?
False
Is 36 a factor of 8604?
True
Is 42994 a multiple of 222?
False
Does 71 divide 16165?
False
Is 656 a multiple of 41?
True
Is 2604 a multiple of 84?
True
Is 1759 a multiple of 42?
False
Does 196 divide 59584?
True
Is 46 a factor of 3910?
True
Is 17213 a multiple of 38?
False
Is 17 a factor of 1309?
True
Is 875 a multiple of 25?
True
Does 99 divide 25839?
True
Is 18 a factor of 9594?
True
Is 604 a multiple of 46?
False
Is 57 a factor of 17157?
True
Does 25 divide 1575?
True
Does 152 divide 2282?
False
Is 8 a factor of 3336?
True
Is 74 a factor of 375?
False
Does 11 divide 13035?
True
Is 18 a factor of 18?
True
Is 95 a factor of 28215?
True
Does 39 divide 17277?
True
Is 13 a factor of 1420?
False
Does 29 divide 24563?
True
Is 917 a multiple of 3?
False
Is 7 a factor of 68054?
True
Is 698 a multiple of 48?
False
Does 78 divide 2486?
False
Is 13368 a multiple of 56?
False
Is 14170 a multiple of 109?
True
Does 101 divide 1443?
False
Is 58 a factor of 1102?
True
Is 111 a multiple of 12?
False
Is 150 even?
True
Does 6 divide 2076?
True
Is 99 a factor of 13780?
False
Is 11 a factor of 1043?
False
Does 16 divide 1173?
False
Is 148 a factor of 13915?
False
Is 364 a multiple of 14?
True
Is 12096 a multiple of 228?
False
Is 3 a factor of 3820?
False
Is 67 a factor of 10910?
False
Is 3274 a multiple of 140?
False
Does 9 divide 206?
False
Is 7070 a multiple of 116?
False
Does 9 divide 1296?
True
Is 45 a factor of 1840?
False
Is 107 a factor of 23018?
False
Does 17 divide 16819?
False
Is 20564 a multiple of 158?
False
Is 24827 a multiple of 61?
True
Does 18 divide 1260?
True
Is 10 a factor of 4519?
False
Does 87 divide 4959?
True
Is 12191 a multiple of 85?
False
Is 68 a factor of 1802?
False
Does 14 divide 151998?
True
Is 455 a multiple of 5?
True
Is 29 a factor of 21170?
True
Is 1455 a multiple of 42?
False
Is 6 a factor of 20904?
True
Does 16 divide 3728?
True
Is 3420 a multiple of 190?
True
Does 9 divide 68606?
False
Does 6 divide 1510?
False
Is 8 a factor of 275?
False
Is 8 a factor of 31176?
True
Is 9083 a multiple of 112?
False
Does 11 divide 1188?
True
Is 808 a multiple of 9?
False
Is 11 a factor of 13035?
True
Is 13 a factor of 73616?
False
Is 2526 a multiple of 29?
False
Is 474 a multiple of 69?
False
Does 27 divide 55?
False
Is 7761 a multiple of 11?
False
Is 62 a multiple of 62?
True
Is 49 a factor of 294?
True
Is 21 a factor of 248?
False
Is 85 a factor of 9142?
False
Is 30 a factor of 628?
False
Does 12 divide 18144?
True
Does 21 divide 930?
False
Does 34 divide 306?
True
Does 13 divide 36872?
False
Is 36 a factor of 21142?
False
Is 25737 a multiple of 39?
False
Is 4896 a multiple of 16?
True
Is 17930 a multiple of 55?
True
Is 52900 a multiple of 92?
True
Is 7 a factor of 4830?
True
Does 5 divide 3260?
True
Is 92 a factor of 59546?
False
Is 15 a factor of 540?
True
Is 23970 a multiple of 102?
True
Is 2580 a multiple of 172?
True
Is 46 a factor of 12621?
False
Is 16 a factor of 1568?
True
Is 37 a factor of 629?
True
Does 14 divide 10590?
False
Does 64 divide 2061?
False
Does 5 divide 1610?
True
Is 28633 a multiple of 137?
True
Does 49 divide 95893?
True
Does 15 divide 1143?
False
Does 8 divide 32?
True
Is 1155 a multiple of 77?
True
Is 41 a factor of 261?
False
Does 25 divide 1100?
True
Does 148 divide 68337?
False
Does 91 divide 3145?
False
Does 3 divide 493?
False
Is 48 a factor of 9587?
False
Is 67 a factor of 2189?
False
Does 19 divide 1235?
True
Is 17 a factor of 374?
True
Is 61319 a multiple of 239?
False
Is 48 a multiple of 3?
True
Is 515 a multiple of 18?
False
Does 36 divide 3924?
True
Does 18 divide 1151?
False
Is 3 a factor of 59069?
False
Does 20 divide 1368?
False
Is 952 a multiple of 14?
True
Is 16557 a multiple of 27?
False
Does 168 divide 59136?
True
Is 59 a factor of 1003?
True
Is 11803 a multiple of 75?
False
Does 39 divide 2808?
True
Does 23 divide 4163?
True
Does 83 divide 3801?
False
Is 25696 a multiple of 44?
True
Is 5859 a multiple of 47?
False
Is 12728 a multiple of 172?
True
Is 3720 a multiple of 120?
True
Is 17 a factor of 544?
True
Is 936 a multiple of 36?
True
Is 21 a factor of 4566?
False
Is 2124 a multiple of 9?
True
Is 1058 a multiple of 16?
False
Is 24 even?
True
Does 30 divide 3330?
True
Is 8 a factor of 33712?
True
Is 180 a multiple of 4?
True
Is 8 a factor of 632?
True
Does 10 divide 1400?
True
Does 14 divide 196?
True
Is 33 a factor of 1056?
True
Is 2706 a multiple of 22?
True
Is 17 a factor of 1360?
True
Is 21 a factor of 1675?
False
Does 149 divide 22946?
True
Does 194 divide 31428?
True
Is 232 a multiple of 29?
True
Is 43 a factor of 17372?
True
Does 34 divide 68?
True
Is 39 a factor of 2038?
False
Is 36 a factor of 21456?
True
Is 12342 a multiple of 17?
True
Does 96 divide 3551?
False
Does 118 divide 13294?
False
Is 57 a factor of 1496?
False
Is 140374 a multiple of 186?
False
Is 192 a multiple of 8?
True
Is 6 a factor of 1776?
True
Is 6 a factor of 385?
False
Does 93 divide 203?
False
Is 25 a factor of 92?
False
Is 7 a factor of 1547?
True
Is 9248 a multiple of 184?
False
Is 2109 a multiple of 14?
False
Is 2 a factor of 353?
False
Is 16 a factor of 39328?
True
Is 4917 a multiple of 33?
True
Is 1421 a multiple of 6?
False
Is 31 a factor of 1953?
True
Does 25 divide 825?
True
Does 31 divide 308?
False
Does 11 divide 5753?
True
Does 6 divide 609?
False
Is 69 a factor of 828?
True
Is 20064 a multiple of 12?
True
Is 2214 a multiple of 41?
True
Does 191 divide 34762?
True
Is 20 a factor of 9746?
False
Is 10 a factor of 180?
True
Is 39579 a multiple of 10?
False
Is 4828 a multiple of 71?
True
Is 7 a factor of 296?
False
Does 16 divide 3920?
True
Is 12 a factor of 6756?
True
Does 11 divide 49267?
False
Does 3 divide 971?
False
Is 4824 a multiple of 72?
True
Does 19 divide 44554?
False
Is 13 a factor of 10580?
False
Is 23 a factor of 3305?
False
Is 95 a multiple of 6?
False
Is 4916 a multiple of 17?
False
Is 33 a factor of 4422?
True
Does 30 divide 3326?
False
Does 75 divide 3225?
True
Is 24 a factor of 27816?
True
Is 1470 a multiple of 98?
True
Does 133 divide 446?
False
Is 74 a factor of 888?
True
Does 108 divide 14688?
True
Does 76 divide 2996?
False
Is 47 a factor of 846?
True
Does 92 divide 13892?
True
Does 65 divide 10140?
True
Does 47 divide 564?
True
Is 15 a factor of 518?
False
Does 71 divide 5531?
False
Does 21 divide 462?
True
Is 31590 a multiple of 117?
True
Does 96 divide 3264?
True
Is 83 a factor of 627?
False
Does 10 divide 210?
True
Does 20 divide 320?
True
Is 17589 a multiple of 143?
True
Is 8 a factor of 6321?
False
Is 43 a factor of 26273?
True
Is 9 a multiple of 4?
False
Is 533 a multiple of 41?
True
Is 4898 a multiple of 19?
False
Does 11 divide 2893?
True
Does 16 divide 3680?
True
Is 24 a factor of 1368?
True
Does 20 divide 4620?
True
Does 11 divide 2485?
False
Does 10 divide 250?
True
Does 25 divide 29000?
True
Is 18 a factor of 4646?
False
Is 73 a factor of 4589?
False
Is 14 a factor of 271?
False
Does 11 divide 15444?
True
Does 12 divide 10925?
False
Is 1427 a multiple of 21?
False
Does 15 divide 681?
False
Does 11 divide 1452?
True
Is 69 a factor of 3036?
True
Is 157 a factor of 7481?
False
Is 15 a multiple of 3?
True
Is 11370 a multiple of 35?
False
Is 25 a factor of 1050?
True
Is 53 a factor of 159?
True
Is 3 a factor of 950?
False
Does 69 divide 4623?
True
Is 30 a factor of 1381?
False
Does 6 divide 504?
True
Is 2 a factor of 145?
False
Does 13 divide 9022?
True
Is 11 a factor of 16763?
False
Does 11 divide 1422?
False
Is 261 a multiple of 17?
False
Is 88260 a multiple of 15?
True
Is 52440 a multiple of 117?
False
Does 8 divide 28?
False
Is 8064 a multiple of 28?
True
Does 263 divide